f 129?
False
Is 5 a factor of 449?
False
Is 11 a factor of 68?
False
Does 12 divide 11400?
True
Is 141 a factor of 38775?
True
Is 1600 a multiple of 4?
True
Is 490 a multiple of 49?
True
Is 26 a factor of 154466?
True
Is 5705 a multiple of 79?
False
Does 5 divide 1785?
True
Is 140 a multiple of 8?
False
Does 9 divide 34967?
False
Is 250 a multiple of 25?
True
Is 46 a multiple of 10?
False
Is 20 a factor of 3875?
False
Is 25 a factor of 850?
True
Does 17 divide 152?
False
Is 2259 a multiple of 9?
True
Is 314 a factor of 2512?
True
Does 19 divide 87?
False
Does 23 divide 14444?
True
Does 87 divide 2958?
True
Is 13 a factor of 39?
True
Is 3100 a multiple of 25?
True
Is 3 a factor of 24?
True
Is 31 a multiple of 31?
True
Is 24 a factor of 1152?
True
Does 16 divide 988?
False
Is 8822 a multiple of 11?
True
Does 5 divide 815?
True
Is 4 a factor of 1118?
False
Is 6 a factor of 150?
True
Does 29 divide 2726?
True
Is 16 a factor of 1408?
True
Does 26 divide 442?
True
Does 22 divide 3146?
True
Does 5 divide 491?
False
Does 21 divide 19981?
False
Is 117 a factor of 5472?
False
Is 121 a factor of 3267?
True
Is 55 a factor of 4785?
True
Does 21 divide 89292?
True
Does 10 divide 3777?
False
Does 50 divide 810?
False
Is 8 a factor of 1404?
False
Is 232 a factor of 43785?
False
Is 33 a factor of 1318?
False
Is 11804 a multiple of 102?
False
Does 59 divide 1003?
True
Is 30240 a multiple of 80?
True
Is 3498 a multiple of 7?
False
Is 13 a factor of 55804?
False
Does 203 divide 5358?
False
Does 132 divide 13596?
True
Does 4 divide 749?
False
Is 13326 a multiple of 3?
True
Is 5046 a multiple of 29?
True
Is 9 a factor of 2529?
True
Is 35 a factor of 875?
True
Is 598 a multiple of 26?
True
Does 63 divide 2036?
False
Does 49 divide 1320?
False
Is 18111 a multiple of 18?
False
Is 13 a factor of 5902?
True
Is 1439 a multiple of 3?
False
Does 23 divide 690?
True
Does 8 divide 1351?
False
Is 23648 a multiple of 29?
False
Is 11 a factor of 2992?
True
Is 2317 even?
False
Is 7 a factor of 4556?
False
Does 17 divide 4518?
False
Is 46 a factor of 13708?
True
Is 14382 a multiple of 9?
True
Is 32 a factor of 40847?
False
Does 37 divide 875?
False
Does 10 divide 537?
False
Does 6 divide 3547?
False
Does 11 divide 1144?
True
Is 275 a multiple of 14?
False
Is 24644 a multiple of 101?
True
Does 13 divide 1729?
True
Is 126 a factor of 67314?
False
Is 2412 a multiple of 34?
False
Does 34 divide 7242?
True
Does 39 divide 3889?
False
Is 4255 a multiple of 23?
True
Is 138 a multiple of 69?
True
Is 43010 a multiple of 22?
True
Is 201 a multiple of 21?
False
Does 5 divide 2795?
True
Is 13 a factor of 967?
False
Is 20 a factor of 7820?
True
Is 19 a factor of 20349?
True
Is 5 a factor of 1535?
True
Is 55302 a multiple of 78?
True
Is 18 a factor of 31503?
False
Is 25 a factor of 57?
False
Does 8 divide 9800?
True
Is 22 a factor of 90?
False
Is 3 a factor of 855?
True
Does 4 divide 1216?
True
Does 31 divide 279?
True
Does 47 divide 5568?
False
Is 10612 a multiple of 49?
False
Is 169 a factor of 7938?
False
Is 19 a factor of 87?
False
Is 7938 a multiple of 9?
True
Is 107 a factor of 6049?
False
Does 7 divide 1000?
False
Is 5334 a multiple of 127?
True
Is 999 a multiple of 9?
True
Is 1449 a multiple of 63?
True
Does 58 divide 8216?
False
Is 3 a factor of 4763?
False
Does 38 divide 5130?
True
Is 4829 a multiple of 28?
False
Does 5 divide 3915?
True
Does 13 divide 35903?
False
Does 38 divide 19883?
False
Does 110 divide 2530?
True
Is 82 a factor of 19762?
True
Is 57515 a multiple of 22?
False
Does 9 divide 3390?
False
Is 30 a factor of 7320?
True
Is 63081 a multiple of 129?
True
Is 17 a factor of 6549?
False
Does 29 divide 12182?
False
Is 165 a multiple of 4?
False
Is 5028 a multiple of 3?
True
Is 5396 a multiple of 60?
False
Does 48 divide 989?
False
Is 3685 a multiple of 11?
True
Is 23 a factor of 355?
False
Is 350 a multiple of 10?
True
Does 9 divide 4976?
False
Is 6 a factor of 23856?
True
Is 51099 a multiple of 98?
False
Is 50390 a multiple of 9?
False
Is 5656 a multiple of 101?
True
Does 9 divide 441?
True
Is 37608 a multiple of 12?
True
Does 51 divide 1539?
False
Does 31 divide 101432?
True
Is 8 a factor of 1020?
False
Is 6164 a multiple of 23?
True
Does 6 divide 7188?
True
Is 2397 a multiple of 34?
False
Is 45 a factor of 108019?
False
Is 12 a factor of 92148?
True
Is 43 a factor of 90300?
True
Is 4158 a multiple of 27?
True
Does 35 divide 8843?
False
Is 1615 a multiple of 17?
True
Is 5713 a multiple of 18?
False
Does 4 divide 6780?
True
Does 81 divide 3979?
False
Does 19 divide 28309?
False
Is 57 a multiple of 36?
False
Does 50 divide 4372?
False
Is 20107 a multiple of 3?
False
Is 19401 a multiple of 180?
False
Is 54674 a multiple of 285?
False
Does 4 divide 28?
True
Is 48 a factor of 6912?
True
Is 650 a multiple of 7?
False
Does 3 divide 2130?
True
Is 24 a factor of 527?
False
Is 400 a multiple of 20?
True
Is 94 a factor of 94?
True
Is 2625 a multiple of 35?
True
Does 12 divide 48?
True
Does 2 divide 304?
True
Is 158 a factor of 8690?
True
Is 2 a factor of 794?
True
Is 33 a factor of 1752?
False
Is 90855 a multiple of 27?
True
Is 6 a factor of 462?
True
Does 11 divide 1210?
True
Does 15 divide 195?
True
Is 6723 a multiple of 14?
False
Is 132 a factor of 1320?
True
Does 46 divide 12972?
True
Does 25 divide 4593?
False
Is 77981 a multiple of 183?
False
Does 48 divide 813?
False
Is 19021 a multiple of 25?
False
Does 8 divide 8405?
False
Does 64 divide 6208?
True
Does 27 divide 243?
True
Is 40 a factor of 484?
False
Is 820 a multiple of 8?
False
Is 727 a multiple of 26?
False
Is 376 a multiple of 6?
False
Is 50330 a multiple of 35?
True
Is 195 a multiple of 13?
True
Does 9 divide 943?
False
Is 320 a multiple of 12?
False
Is 4 a factor of 28?
True
Does 29 divide 1187?
False
Is 221 a factor of 22072?
False
Is 170 a multiple of 2?
True
Is 3724 a multiple of 28?
True
Is 74 a multiple of 4?
False
Is 3780 a multiple of 70?
True
Is 115 a factor of 4140?
True
Is 13 a factor of 1157?
True
Is 652 a multiple of 35?
False
Is 218 a factor of 76069?
False
Is 113 a factor of 13560?
True
Does 30 divide 283?
False
Is 64 a factor of 4329?
False
Is 1950 a multiple of 65?
True
Does 17 divide 289?
True
Does 4 divide 325?
False
Does 18 divide 157?
False
Is 22540 a multiple of 70?
True
Does 65 divide 3965?
True
Is 75 a factor of 383?
False
Is 57 a multiple of 19?
True
Does 26 divide 9620?
True
Is 44 a factor of 427?
False
Does 15 divide 285?
True
Is 38 a factor of 1119?
False
Is 1675 a multiple of 28?
False
Does 18 divide 5994?
True
Is 33920 a multiple of 10?
True
Does 17 divide 17357?
True
Is 5082 a multiple of 22?
True
Is 18893 a multiple of 8?
False
Is 11 a factor of 231?
True
Is 38934 a multiple of 126?
True
Is 1015 a multiple of 29?
True
Is 184 a factor of 43424?
True
Does 15 divide 1398?
False
Does 24 divide 2870?
False
Is 102 a multiple of 6?
True
Is 9 a factor of 108?
True
Is 462 a multiple of 22?
True
Is 11748 a multiple of 99?
False
Is 129 a factor of 11499?
False
Does 14 divide 3660?
False
Does 12 divide 349?
False
Is 17 a factor of 5117?
True
Is 3078 a multiple of 14?
False
Is 7 a factor of 250?
False
Does 75 divide 10566?
False
Is 36 a factor of 497?
False
Is 11592 a multiple of 322?
True
Is 1972 a multiple of 4?
True
Does 86 divide 2292?
False
Is 7 a factor of 579?
False
Does 110 divide 30030?
True
Is 280 a multiple of 7?
True
Does 4 divide 467?
False
Is 6630 a multiple of 146?
False
Is 5 a factor of 700?
True
Is 2 a factor of 396?
True
Is 4 a factor of 80?
True
Is 814 a multiple of 21?
False
Is 3533 a multiple of 6?
False
Does 10 divide 2635?
False
Does 36 divide 7450?
False
Is 21868 a multiple of 142?
True
Does 20 divide 32931?
False
Is 5670 a multiple of 81?
True
Is 11 a multiple of 11?
True
Is 89 a factor of 4539?
True
Does 26 divide 14507?
False
Is 37530 a multiple of 317?
False
Does 13 divide 5781?
False
Does 12 divide 136416?
True
Does 28 divide 11484?
False
Is 102 a multiple of 38?
False
Is 21 a factor of 75420?
False
Is 88 a multiple of 22?
True
Does 4 divide 2857?
False
Does 12 divide 1215?
False
Is 214 a factor of 7918?
True
Is 27 a factor of 101836?
False
Does 212 divide 5936?
True
Is 189 a multiple of 9?
True
Is 9 a factor of 406?
False
Does 41 divide 9729?
False
Is 8528 a multiple